6
What is the hundreds digit of 1096037553?
5
What is the hundred thousands digit of 55912062?
9
What is the units digit of 1045106473?
3
What is the ten millions digit of 3752723875?
5
What is the units digit of 8967574?
4
What is the hundred thousands digit of 388068952?
0
What is the units digit of 44790024?
4
What is the thousands digit of 25110017?
0
What is the tens digit of 70785073?
7
What is the ten millions digit of 51825164?
5
What is the units digit of 81422091?
1
What is the thousands digit of 52682594?
2
What is the units digit of 423121528?
8
What is the units digit of 900227219?
9
What is the hundred millions digit of 4858903768?
8
What is the millions digit of 656764642?
6
What is the hundred millions digit of 869450510?
8
What is the ten thousands digit of 465551748?
5
What is the hundred millions digit of 1073485515?
0
What is the ten millions digit of 512506541?
1
What is the thousands digit of 156810330?
0
What is the hundred thousands digit of 3303405?
3
What is the hundred thousands digit of 134719517?
7
What is the thousands digit of 23809659?
9
What is the hundreds digit of 197244378?
3
What is the tens digit of 1055725127?
2
What is the ten millions digit of 1153454884?
5
What is the hundred millions digit of 3276503055?
2
What is the thousands digit of 73572104?
2
What is the hundreds digit of 8375328?
3
What is the tens digit of 264368624?
2
What is the units digit of 1130243785?
5
What is the thousands digit of 161334675?
4
What is the thousands digit of 704571560?
1
What is the ten thousands digit of 23227083?
2
What is the ten millions digit of 1862788104?
6
What is the thousands digit of 30540333?
0
What is the ten millions digit of 3253100168?
5
What is the hundred millions digit of 2056515307?
0
What is the tens digit of 754963970?
7
What is the hundreds digit of 8787822556?
5
What is the hundreds digit of 649463528?
5
What is the units digit of 78491707?
7
What is the hundred thousands digit of 24506256?
5
What is the hundred thousands digit of 73873269?
8
What is the units digit of 5761991391?
1
What is the hundred thousands digit of 2876169179?
1
What is the hundred thousands digit of 7924338?
9
What is the millions digit of 8720893?
8
What is the hundred millions digit of 952496478?
9
What is the units digit of 2113131454?
4
What is the tens digit of 6224655722?
2
What is the hundreds digit of 193592491?
4
What is the hundred thousands digit of 3721628176?
6
What is the millions digit of 57963045?
7
What is the millions digit of 35919044?
5
What is the hundreds digit of 241728363?
3
What is the tens digit of 58696343?
4
What is the hundreds digit of 16650278?
2
What is the millions digit of 2330639639?
0
What is the millions digit of 166935976?
6
What is the millions digit of 676741683?
6
What is the hundred thousands digit of 6507234042?
2
What is the ten thousands digit of 186368542?
6
What is the ten thousands digit of 1636462063?
6
What is the thousands digit of 727569229?
9
What is the thousands digit of 62373710?
3
What is the ten millions digit of 1038463287?
3
What is the millions digit of 194186486?
4
What is the tens digit of 182046392?
9
What is the ten thousands digit of 157872440?
7
What is the hundred thousands digit of 9954138?
9
What is the units digit of 276473064?
4
What is the hundreds digit of 152893738?
7
What is the units digit of 629071110?
0
What is the hundred millions digit of 397035345?
3
What is the units digit of 2993698115?
5
What is the ten thousands digit of 49617974?
1
What is the thousands digit of 1037037272?
7
What is the hundred thousands digit of 2437134580?
1
What is the thousands digit of 141225886?
5
What is the hundreds digit of 58683236?
2
What is the hundred thousands digit of 667557905?
5
What is the thousands digit of 499536349?
6
What is the hundred thousands digit of 3556889485?
8
What is the units digit of 62856471?
1
What is the tens digit of 27180559?
5
What is the tens digit of 1351598947?
4
What is the ten millions digit of 2389878190?
8
What is the units digit of 54020184?
4
What is the tens digit of 145131395?
9
What is the hundreds digit of 54586056?
0
What is the tens digit of 50575195?
9
What is the tens digit of 792370553?
5
What is the ten millions digit of 159594503?
5
What is the hundred thousands digit of 63655607?
6
What is the hundreds digit of 1147770117?
1
What is the units digit of 7103340?
0
What is the hundreds digit of 386200124?
1
What is the millions digit of 232642947?
2
What is the hundreds digit of 10978959?
9
What is the ten millions digit of 63297913?
6
What is the tens digit of 355733837?
3
What is the units digit of 2778952834?
4
What is the thousands digit of 268815076?
5
What is the hundreds digit of 92216879?
8
What is the hundred thousands digit of 163733667?
7
What is the ten millions digit of 407233010?
0
What is the ten thousands digit of 48558973?
5
What is the thousands digit of 175090228?
0
What is the ten thousands digit of 80631135?
3
What is the thousands digit of 4599724910?
4
What is the thousands digit of 706413651?
3
What is the ten millions digit of 2774518914?
7
What is the hundred thousands digit of 520914802?
9
What is the millions digit of 141011444?
1
What is the thousands digit of 52793967?
3
What is the units digit of 2459727969?
9
What is the ten thousands digit of 80859723?
5
What is the hundreds digit of 219774914?
9
What is the ten millions digit of 675524814?
7
What is the hundreds digit of 27813393?
3
What is the units digit of 72905521?
1
What is the thousands digit of 73955203?
5
What is the millions digit of 1931208669?
1
What is the tens digit of 146113302?
0
What is the hundred thousands digit of 1573571102?
5
What is the thousands digit of 168621936?
1
What is the hundreds digit of 23982985?
9
What is the units digit of 2803819807?
7
What is the millions digit of 2065706283?
5
What is the units digit of 472500214?
4
What is the units digit of 196219638?
8
What is the hundreds digit of 1994188585?
5
What is the hundreds digit of 971169238?
2
What is the ten millions digit of 7484395356?
8
What is the units digit of 68931959?
9
What is the units digit of 2025128465?
5
What is the hundred millions digit of 136436320?
1
What is the hundred millions digit of 981909964?
9
What is the ten thousands digit of 175324744?
2
What is the ten thousands digit of 54237126?
3
What is the ten thousands digit of 4502121176?
2
What is the hundred millions digit of 636916599?
6
What is the ten millions digit of 837794225?
3
What is the thousands digit of 1042557909?
7
What is the tens digit of 128232934?
3
What is the ten thousands digit of 2721541563?
4
What is the millions digit of 279949482?
9
What is the ten millions digit of 32078202?
3
What is the units digit of 670774062?
2
What is the hundred millions digit of 765629711?
7
What is the ten thousands digit of 112822674?
2
What is the ten thousands digit of 616597599?
9
What is the ten millions digit of 5837470313?
3
What is the hundred thousands digit of 37817997?
8
What is the hundred millions digit of 252340970?
2
What is the hundred thousands digit of 25236671?
2
What is the thousands digit of 3879778?
9
What is the millions digit of 1654548419?
4
What is the ten thousands digit of 33571697?
7
What is the ten millions digit of 6773786583?
7
What is the hundred thousands digit of 33562642?
5
What is the billions digit of 1079675777?
1
What is the tens digit of 4926938239?
3
What is the ten millions digit of 456419261?
5
What is the units digit of 1246085473?
3
What is the hundred thousands digit of 458424378?
4
What is the hundreds digit of 248368752?
7
What is the billions digit of 3862598474?
3
What is the ten millions digit of 119574643?
1
What is the ten millions digit of 38774838?
3
What is the hundreds digit of 170527133?
1
What is the tens digit of 307117747?
4
What is the millions digit of 709058173?
9
What is the hundred thousands digit of 72415991?
4
What is the hundred millions digit of 562577461?
5
What is the hundred thousands digit of 4019407917?
4
What is the hundred thousands digit of 24174182?
1
What is the hundreds digit of 40708328?
3
What is the ten millions digit of 325377975?
2
What is the ten millions digit of 469269387?
6
Wha